t z(d) = -d**2 - 40*d - 293. Determine z(-30).
7
Let d(h) = -h**3 + 13*h**2 - 46*h + 10. Determine d(3).
-38
Let j(i) = -11*i - 348. Give j(-29).
-29
Let j(h) = -h**2 - 118*h - 3531. What is j(-60)?
-51
Let r(q) = 36*q + 166. Determine r(-4).
22
Let i(t) = 2*t**2 + 17*t + 79. What is i(-9)?
88
Let x(h) = 186*h + 198. What is x(-1)?
12
Let s(n) = -29*n - 675. Determine s(-22).
-37
Let g(q) = q**3 + 9*q**2 + 43*q + 189. Calculate g(-5).
74
Let n(y) = 64*y + 319. What is n(-10)?
-321
Let a(i) = 96*i + 4039. Give a(-42).
7
Let x(h) = h**2 + 255*h + 8222. What is x(-38)?
-24
Let k(m) = -m**3 + 2*m**2 + 195*m - 20. Determine k(15).
-20
Let s(d) = d**3 + 126*d**2 + d + 119. Calculate s(-126).
-7
Let n(z) = -33*z - 82. Determine n(-2).
-16
Let t(a) = 6*a**3 - 12*a**2 - 23*a - 8. Give t(4).
92
Let a(g) = 1817*g + 25341. Determine a(-14).
-97
Let k(r) = 2*r**2 - 142*r - 1081. Calculate k(-7).
11
Let v(z) = -3*z**3 + 173*z**2 + 59*z + 48. What is v(58)?
106
Let x(h) = -10*h**2 - 21*h + 111. Calculate x(3).
-42
Let q(k) = k**2 - 156*k - 310. Determine q(-2).
6
Let j(v) = -v**3 + 18*v**2 + 31*v - 219. What is j(19)?
9
Let r(a) = -a**3 - 148*a**2 + 2*a + 4. Calculate r(0).
4
Let n(p) = p**2 + 27*p - 126. Give n(-36).
198
Let b(p) = 62*p - 8126. Determine b(131).
-4
Let y(j) = -2*j**3 + 25*j**2 + 5*j + 98. Determine y(13).
-6
Let o(r) = 164*r + 41. Determine o(-1).
-123
Let a(d) = -3*d**2 - 101*d - 72. Calculate a(-33).
-6
Let t(z) = 645*z + 4522. Calculate t(-7).
7
Let i(a) = 11*a - 543. Give i(-21).
-774
Let x(s) = s**3 + 120*s**2 + 2760*s + 86. Give x(-89).
-3
Let i(z) = -10*z + 153. Determine i(19).
-37
Let x(t) = -t**3 - 88*t**2 - 191*t - 1634. Calculate x(-86).
0
Let s(b) = -106*b + 2224. What is s(21)?
-2
Let x(f) = 298*f + 1785. Give x(-6).
-3
Let o(d) = 32*d - 51. Determine o(4).
77
Let k(j) = j**3 - 160*j**2 - 200*j + 6277. Give k(161).
-2
Let q(v) = -13*v + 101. Determine q(14).
-81
Let n(i) = 2*i**3 - 63*i**2 - 107*i + 260. Give n(33).
-4
Let m(b) = b**3 - 39*b**2 - 42*b + 75. Give m(40).
-5
Let x(c) = -1512*c + 18083. Determine x(12).
-61
Let b(i) = -220*i - 46417. Determine b(-211).
3
Let k(d) = -39*d**2 + 9*d + 4. Calculate k(0).
4
Let l(u) = 2*u**2 + 216*u + 5552. Calculate l(-42).
8
Let k(j) = j**3 - 8*j**2 - 65*j + 516. Give k(8).
-4
Let h(t) = 132*t - 266. Determine h(2).
-2
Let y(v) = 27*v + 2580. What is y(-98)?
-66
Let u(g) = 121*g + 122. Determine u(-1).
1
Let d(g) = -377*g - 89. Determine d(-1).
288
Let x(v) = 23*v + 124. What is x(3)?
193
Let l(g) = -g**2 - 74*g + 7661. Determine l(58).
5
Let v(x) = x**3 + 131*x**2 + 2730*x + 18. Determine v(-26).
18
Let w(p) = 10*p - 534. What is w(17)?
-364
Let i(y) = -9*y**2 - 21*y + 496. Calculate i(6).
46
Let v(r) = -47*r - 1065. Determine v(-23).
16
Let w(q) = 566*q + 28922. Determine w(-51).
56
Let z(t) = t**3 + 10*t + 4. Give z(-3).
-53
Let v(n) = n**2 + 17*n - 2276. Determine v(40).
4
Let t(n) = -n**2 + 13*n - 40. Determine t(18).
-130
Let x(r) = -r**3 + 23*r**2 - 78*r + 763. Calculate x(21).
7
Let w(k) = 27*k**2 - 1837*k + 67. Calculate w(68).
-1
Let c(w) = w**3 - w**2 + 13*w + 60. Calculate c(0).
60
Let x(w) = 274*w + 31238. Calculate x(-114).
2
Let f(h) = 27*h + 64. What is f(2)?
118
Let u(t) = -2181*t + 10938. What is u(5)?
33
Let u(s) = 837*s - 15917. Give u(19).
-14
Let f(x) = 581*x - 123177. Determine f(212).
-5
Let y(h) = -h**3 + 17*h**2 - 21*h + 9. Give y(14).
303
Let b(j) = 112*j + 1769. Determine b(-11).
537
Let r(f) = f**2 + 68*f - 849. Calculate r(11).
20
Let z(v) = 100*v - 3. Calculate z(0).
-3
Let f(i) = 148*i - 11840. Calculate f(80).
0
Let v(f) = 59*f + 1525. What is v(-26)?
-9
Let i(o) = -o**3 + 6*o**2 + 36*o - 16. Determine i(10).
-56
Let c(h) = -15*h**2 + 9*h + 5. What is c(-1)?
-19
Let q(s) = -132*s - 26. Give q(-1).
106
Let r(a) = 556*a - 1104. Determine r(2).
8
Let p(y) = -y**3 - 38*y**2 - 40*y - 6. What is p(-37)?
105
Let a(h) = 119*h - 621. What is a(5)?
-26
Let z(a) = a**2 + 30*a + 191. What is z(-9)?
2
Let k(z) = 669*z - 24759. Calculate k(37).
-6
Let p(a) = -a**3 + 55*a**2 - 106*a + 9. Determine p(53).
9
Let u(c) = -c**2 + 4*c + 468. Calculate u(-16).
148
Let a(s) = -2*s**2 + 86*s - 783. Calculate a(19).
129
Let x(h) = -413*h - 2862. What is x(-7)?
29
Let n(l) = 2*l**2 + 20*l + 40. Calculate n(-3).
-2
Let s(t) = 2*t**3 + 55*t**2 + 28*t + 7. Determine s(-27).
-20
Let j(r) = 2*r**3 + 5*r**2 + 9*r + 6. What is j(-3)?
-30
Let n(f) = -f**2 + 70*f - 459. Calculate n(10).
141
Let g(y) = 4*y**2 + 5*y - 40. Determine g(3).
11
Let s(i) = i**2 - 10*i - 45. Calculate s(-5).
30
Let y(l) = l**3 - 87*l**2 - 5*l + 9. Calculate y(0).
9
Let o(i) = -i**2 - 21*i + 33. Determine o(-24).
-39
Let u(p) = -p**3 + 40*p**2 - 111*p - 138. Determine u(37).
-138
Let f(i) = -i**3 + 88*i**2 - 176*i + 352. Calculate f(86).
8
Let q(m) = -175*m**2 + 28*m - 26. Determine q(1).
-173
Let k(d) = 760*d + 11411. What is k(-15)?
11
Let l(g) = -139*g + 7. Determine l(0).
7
Let v(j) = 2*j**2 - 41*j - 19. What is v(20)?
-39
Let d(v) = 3*v**3 + 14*v**2 - v - 24. What is d(-4)?
12
Let n(v) = 2*v**2 - 27*v + 16. Determine n(13).
3
Let g(i) = 7*i**2 - 58*i + 106. Determine g(6).
10
Let h(a) = -56*a + 17. Calculate h(3).
-151
Let j(c) = -2677*c + 155273. Calculate j(58).
7
Let s(x) = -x**2 - 8*x + 30. Give s(-13).
-35
Let d(p) = -p**3 - 36*p**2 + 269*p + 8586. Determine d(-37).
2
Let l(z) = z**3 + 5*z**2 + 30*z + 129. Determine l(-7).
-179
Let y(v) = 4*v**3 - 865*v**2 + 186*v + 6475. What is y(216)?
-5
Let q(g) = -8*g + 7. Calculate q(-1).
15
Let r(q) = -1520*q - 39536. Calculate r(-26).
-16
Let k(a) = -9*a - 110. Calculate k(-6).
-56
Let u(z) = 5*z**2 - 705*z - 16. What is u(141)?
-16
Let w(y) = y**3 + 70*y**2 - 75*y - 303. Determine w(-71).
-19
Let g(n) = n**2 + 52*n - 682. Calculate g(-63).
11
Let c(l) = -9*l + 69. Calculate c(10).
-21
Let j(m) = 3*m + 186. What is j(-33)?
87
Let p(a) = -8*a**2 - 2038*a + 4678. Determine p(-257).
52
Let v(j) = 4*j**3 + 13*j**2 + 32*j + 5. Give v(-6).
-583
Let p(f) = -94*f - 2452. Calculate p(-26).
-8
Let r(y) = 67*y - 3153. Calculate r(47).
-4
Let s(u) = -17*u + 426. Determine s(38).
-220
Let x(v) = -586*v + 3881. Calculate x(7).
-221
Let y(h) = h**2 - 282*h + 18579. Determine y(105).
-6
Let m(p) = 7*p + 580. Determine m(-58).
174
Let a(c) = 24*c + 266. Determine a(-19).
-190
Let z(h) = -8*h**2 - 805*h - 1593. What is z(-2)?
-15
Let g(m) = -m**3 + 8*m**2 + 5*m - 71. Determine g(8).
-31
Let w(g) = -g - 19. Determine w(-30).
11
Let r(c) = -c**3 - 33*c**2 - 90*c - 862. Determine r(-31).
6
Let l(i) = i**3 - 20*i**2 - 21*i + 47. Give l(-2).
1
Let k(v) = -16*v - 223. What is k(-14)?
1
Let u(o) = o**3 - 9*o**2 + 12*o - 19. Determine u(7).
-33
Let o(j) = 29*j - 941. Determine o(33).
16
Let y(b) = 26*b - 338. Calculate y(15).
52
Let f(z) = -600*z - 7154. What is f(-12)?
46
Let d(q) = -37*q - 1189. What is d(-32)?
-5
Let x(c) = -5*c**2 - 175*c - 12. Give x(-36).
-192
Let z(q) = 227*q - 1578. Calculate z(7).
11
Let k(h) = h**3 - 17*h**2 - 46*h - 24. Calculate k(19).
-176
Let b(j) = 8*j**3 + 89*j**2 + 11*j + 7. Give b(-11).
7
Let d(f) = -4*f**2 + 36. What is d(4)?
-28
Let f(i) = 40*i - 2163. Calculate f(54).
-3
Let h(t) = -4*t**3 - 14*t**2 - 6*t + 7. What is h(-4)?
63
Let y(o) = 2*o**2 - 54*o + 372. What is y(9)?
48
Let i(k) = k**3 - 35*k**2 - 55*k - 729. Determine i(37).
-26
Let d(p) = p**3 - 17*p**2 - 37*p + 265. Calculate d(18).
-77
Let b(j) = -j**3 + 36*j**2 - 157*j + 4. Calculate b(31).
-58
Let z(f) = -15*f**3 + 1694*f**2 + 113*f - 5. Give z(113).
-5
Let r(z) = -3937*z - 7881. Calculate r(-2).
-7
Let d(t) = 57*t**2 + 458*t + 20. Give d(-8).
4
Let j(f) = -86*f + 8257. Give j(96).
1
Let c(r) = -3*r - 25. Give c(-17).
26
Let t(r) = r**2 - 27*r - 461. Determine t(39).
7
Let i(w) = 88*w + 1409. Determine i(-16).
1
Let u(j) = 6*j**2 + 133*j - 14. Give u(-23).
101
Let w(d) = -217*d + 1295. Give w(6).
-7
Let u(p) = 29*p**2 + 233*p + 17. What is u(-8)?
9
Let h(p) = -p**3 + 77*p**2 - 430*p + 286. What is h(71)?
2
Let a(c) = 16*c + 315. Give a(0).
315
Let z(s) = -2*s**3 + 11*s**2 + 4. Give z(8).
-316
Let y(v) = -849*v - 39897. Give y(-47).
6
Let t(w) = -w**3 + 7*w**2 - 2*w - 49. Calculate t(4).
-9
Let t(j) = -18*j**2 - 1530*j - 38. What is t(-85)?
-38
Let s(x) = -x**2 + 52*x - 469. What is